or of d and f.
6
Let k = 1555 + -1165. What is the highest common factor of 663 and k?
39
Let d = -2550 - -2645. Calculate the greatest common divisor of 2375 and d.
95
Suppose -18 - 5 = -j. Suppose 2*w - 5*i - j = 272, 0 = 2*w - 4*i - 300. Calculate the highest common factor of w and 20.
20
Suppose -427*h + 396 = -405*h. Calculate the greatest common factor of h and 80.
2
Let d(n) = 9*n**2 + 55*n + 28. Let u be d(12). Calculate the highest common divisor of u and 62.
62
Suppose -21*g + 129*g - 87323 = 80617. Calculate the greatest common factor of g and 10.
5
Let z(s) = 15 + 128*s**2 - 72*s**2 - 41 - 71*s**2 - s**3 + 11*s. Let j be z(-16). What is the greatest common factor of j and 12?
6
Suppose -3*a = 5*v - 6588, -16*v - 2213 = -a - 12*v. Calculate the greatest common divisor of a and 1349.
71
Let b = 268 - 276. Let p be (-3 + b/4)*-1. Calculate the highest common divisor of 70 and p.
5
Let s be 5 + -7 - 272/2. Let y = -136 - s. Calculate the greatest common factor of y and 18.
2
Let w = 5454 + -5420. Suppose 247 = 5*u + 4*b, -3*u - 2*b + 149 = -0*u. Calculate the greatest common divisor of w and u.
17
Suppose 0 = 69*a - 104*a + 2240. Suppose -120 = -5*n + 2*n. Calculate the greatest common factor of a and n.
8
Let l = 22472 - 22346. What is the greatest common divisor of l and 8358?
42
Let b be 3*2*5/3. Suppose -4*i + 5*k + 1420 = 0, -i - 5*k + 392 - 12 = 0. Suppose -177*j + i = -171*j. What is the greatest common factor of b and j?
10
Suppose n + 5 = 2*n. Suppose 0 = -n*o + 133 + 802. What is the greatest common factor of 11 and o?
11
Let f = -4592 - -7790. Calculate the greatest common divisor of f and 234.
78
Let b be 10468/16 + 4/(-16). Suppose 3*w = -5*l + 505, -w + 3*l = 3*w - b. Calculate the highest common divisor of 45 and w.
15
Suppose 0 = 4*s - 741*w + 739*w - 962, 0 = -w - 7. What is the greatest common divisor of s and 12?
3
Let c(l) = l**3 + 16*l**2 + 12*l - 3. Let a be c(-15). Suppose 0 = 7*s - 6*s + 2*g - 6, 2*g = 3*s - a. What is the greatest common divisor of s and 26?
2
Suppose -3*c - 12 = -0*g - 4*g, -3*g - 16 = 4*c. Let r be 7/(-14) - 2/c. Let m be r/1 + (-1)/(-1). Calculate the highest common factor of m and 2.
1
Suppose 3*d + 3*w = 0, -2*d + 3*w = 12 + 3. Let h be d + (-2 - 420/(-3) - 6). Suppose m = -0*m + 43. Calculate the greatest common factor of h and m.
43
Let q(a) be the third derivative of a**5/15 - a**4/4 - 7*a**3/3 + 102*a**2. Let p be q(-3). Calculate the greatest common factor of p and 40.
40
Let y(r) = r**2 + 52*r - 1913. Let s be y(-77). Calculate the highest common factor of 332 and s.
4
Suppose 4*y - 172 + 140 = 0. Suppose 0 = y*f - 179 - 909. Calculate the highest common divisor of f and 340.
68
Suppose -2*k - 26 = -3*k. Suppose 8*n + 6 = 14*n. Let j be (-4)/(-4)*3 - (n + -37). Calculate the greatest common factor of j and k.
13
Let l(s) = 4*s + 54. Suppose -u + 83 = -4*t - 6, 3*t + 78 = 3*u. Let h be l(t). Let b be (-2)/10 - 452*3/h. What is the greatest common factor of 5 and b?
5
Let n = -80407 + 80438. Let h be 2 + 1*244/2. What is the highest common factor of n and h?
31
Suppose -24216 = -116*i + 2755 - 4003. Calculate the highest common factor of i and 117.
9
Suppose -46*v = 332*v - 1890. Suppose -4*q = -7 - 13. What is the highest common factor of q and v?
5
Let u be -1 - 16/(-4) - 3. Suppose u = -v + 451 - 422. What is the highest common divisor of v and 232?
29
Let u(g) = -10*g**3 + 118*g**2 + 27*g - 13. Let k be u(12). What is the highest common divisor of 11983 and k?
23
Suppose -42*x + 195 = -15. Suppose x*h - 164 = -s - 3*s, 48 = s + 3*h. What is the greatest common factor of s and 612?
36
Suppose 62*y - 1680 = 58*y. Calculate the highest common divisor of 180 and y.
60
Suppose 0 = -4*a + 5*p + 135 + 379, -3*p = -5*a + 649. What is the highest common divisor of 6157 and a?
131
Let i(z) = -z - 51. Let n be i(-27). Let y(a) = -a**3 - 26*a**2 - 50*a - 36. Let l be y(n). Calculate the highest common factor of 252 and l.
12
Suppose 0 = 4*v - 4*u - 24, -2*u + 31 = 4*v - 5. Suppose 0 = v*r - 29 - 11. What is the highest common factor of r and 5?
5
Suppose 5 = y - 12. Let z = 2793 + -2606. What is the greatest common factor of z and y?
17
Let c = -421 - -1576. Calculate the highest common factor of c and 825.
165
Let n(v) = -3604*v**3 - v**2 - 21*v - 20. Let b be n(-1). Calculate the highest common divisor of b and 53.
53
Suppose d = v - 326, 36*v + d - 658 = 34*v. Suppose 5*w - 128 = 4*u, -2*w + 39 = 4*u - 1. Calculate the highest common divisor of v and w.
8
Let t(r) = 2*r**3 + 4*r**2 + 26*r - 56. Let u be t(2). Calculate the greatest common divisor of u and 15988.
28
Let z(q) = 5*q**2 + 3*q + 3. Let g be z(-1). Suppose 71 = 4*o - 5*b - 22, -b + 138 = g*o. Calculate the highest common factor of 45 and o.
9
Suppose -7709 = -57*u + 1525. What is the greatest common divisor of u and 2214?
54
Let q = 3531 + -3390. Calculate the greatest common divisor of q and 9.
3
Let u(b) = -b**2 + 23*b - 25. Let w be u(17). Let q = w + -178. Let j = 107 + q. Calculate the greatest common factor of 54 and j.
6
Let f be -63*(16/(-18))/((-5)/(-15)) + -5. Calculate the highest common divisor of 489 and f.
163
Let l = 8765 - 6368. What is the greatest common factor of l and 423?
141
Suppose -12*b + 8272 = -3032. Suppose -2814 = -9*u - b. Let q = 25 - 17. Calculate the highest common divisor of u and q.
8
Suppose 108*j = 89*j + 16169. Calculate the greatest common divisor of 1813 and j.
37
Suppose 0 = -q + 5*n - 12, -6 = -2*q - 5*n. Let i be 6652/26 - q/13. What is the greatest common factor of i and 16?
16
Suppose 54 = 5*w + 44. Suppose 0 = -2*j + 1 + 17. Let b be 102/j - (3 + (-33)/9). What is the greatest common divisor of b and w?
2
Let m = -25912 - -25967. What is the highest common divisor of 2794 and m?
11
Let h = 997 - 763. Calculate the greatest common factor of 144 and h.
18
Let c = 35 + -32. Let l = -40 - -99. Suppose -5 = c*u - l. What is the highest common factor of 27 and u?
9
Let c(q) = q**3 - 13*q**2 + 24*q - 6. Let j be c(2). Let g(d) = -5*d**3 - d**2 + 4*d + 4. Let f be g(j). Calculate the greatest common factor of 8 and f.
8
Suppose 0*s + 15 = 5*s. Suppose -104*u + 2832 = 1584. Calculate the highest common divisor of s and u.
3
Let b(g) be the first derivative of -6*g**2 - 116*g + 66. Let w be b(-20). Calculate the highest common factor of 31 and w.
31
Let w(z) be the second derivative of -z**5/20 + z**4 + 7*z**2/2 - 39*z. Let a be w(12). What is the greatest common factor of a and 63?
7
Let f = -32 + -32. Let p = 57 - f. Let w = -37 + p. What is the highest common factor of 28 and w?
28
Suppose 2*h + 446 = 4*g, 6*h - 110 = -g + 5*h. What is the greatest common divisor of 4773 and g?
111
Let b = 3348 - 3255. What is the greatest common factor of b and 4371?
93
Let m = -2530 - -2553. What is the highest common divisor of 34247 and m?
23
Let n be 12/(-5)*1610/(-69). Calculate the greatest common factor of 7 and n.
7
Let v(a) = 51*a - 26. Let i be v(2). Let h = i + -32. Calculate the highest common factor of 704 and h.
44
Suppose 0 = 5*j - 54 - 126. Suppose 0*x - n = x - 44, -x - 3*n = -j. Let a be 658/21 - 4/(-6). What is the greatest common divisor of x and a?
16
Suppose 0 = -17*q + 147 + 210. Calculate the greatest common divisor of 693 and q.
21
Let i(o) = o**3 + 8*o**2 + 13*o - 2. Let v be i(-3). Suppose g + 1006 = v*g + 2*x, 1684 = 5*g - 4*x. What is the highest common divisor of 96 and g?
48
Suppose 0 = -4*r + 2*x - 0*x + 48, -3*r = 3*x - 54. Let v(t) = -80*t - 2389. Let d be v(-31). Calculate the greatest common factor of r and d.
7
Suppose 41 = -s - 69. Let d = s + 164. Calculate the greatest common factor of d and 72.
18
Suppose -43*j - 34*j = -860013. What is the greatest common divisor of 153 and j?
153
Suppose 48*o - 273*o = -1800. Suppose -47 = -3*u + 46. Let g = u + -19. Calculate the highest common factor of g and o.
4
Suppose -87*c + 88*c = 9. Suppose -3*n + 57 = 2*o, 4*n - c*o - 75 = -12*o. What is the highest common divisor of 133 and n?
7
Let l(n) = -3*n**2 - 99*n - 264. Let h be l(-30). Calculate the highest common factor of h and 2022.
6
Let k(c) = -2*c**3 - 4*c**2. Let j be k(-3). Suppose -n + 3 = 5*t - 6*t, -t + 13 = 3*n. Calculate the greatest common divisor of n and j.
2